{"id":2,"date":"2023-03-20T12:00:39","date_gmt":"2023-03-20T11:00:39","guid":{"rendered":"http:\/\/esfvqqd.cluster027.hosting.ovh.net\/?page_id=2"},"modified":"2023-03-23T23:22:59","modified_gmt":"2023-03-23T22:22:59","slug":"page-d-exemple","status":"publish","type":"page","link":"http:\/\/www.lamisericorde.com\/index.php\/page-d-exemple\/","title":{"rendered":"Le centre hospitalier"},"content":{"rendered":"\n<h1 class=\"has-text-align-center has-large-font-size wp-block-heading\">Le centre hospitalier \u00ab\u00a0La Mis\u00e9ricorde\u00a0\u00bb<\/h1>\n\n\n\n<p class=\"has-text-align-center\"><em>Partenaire de proximit\u00e9 de l&rsquo;asbl \u00ab\u00a0La Mis\u00e9ricorde\u00a0\u00bb dans le domaine de la sant\u00e9.<\/em><\/p>\n\n\n\n<div class=\"wp-block-group alignwide\"><div class=\"wp-block-group__inner-container is-layout-constrained wp-block-group-is-layout-constrained\">\n<div id=\"wp-block-themeisle-blocks-slider-3bc81b93\" class=\"wp-block-themeisle-blocks-slider alignwide glide\" data-per-view=\"1\" data-gap=\"0\" data-peek=\"0\" data-autoplay=\"true\" data-height=\"600px\" data-hide-arrows=\"false\"><div class=\"glide__track\" data-glide-el=\"track\"><div class=\"glide__slides\"><div class=\"wp-block-themeisle-blocks-slider-item-wrapper glide__slide\" tabindex=\"0\"><figure><img decoding=\"async\" class=\"wp-block-themeisle-blocks-slider-item\" src=\"http:\/\/esfvqqd.cluster027.hosting.ovh.net\/wp-content\/uploads\/2023\/03\/whatsapp-image-2022-02-13-at-07.30.50-4-1-1.webp\" alt=\"\" title=\"\" data-id=\"384\"\/><\/figure><\/div><div class=\"wp-block-themeisle-blocks-slider-item-wrapper glide__slide\" tabindex=\"0\"><figure><img decoding=\"async\" class=\"wp-block-themeisle-blocks-slider-item\" src=\"http:\/\/esfvqqd.cluster027.hosting.ovh.net\/wp-content\/uploads\/2023\/03\/face-avant-misericorde-4-2.webp\" alt=\"\" title=\"\" data-id=\"383\"\/><\/figure><\/div><div class=\"wp-block-themeisle-blocks-slider-item-wrapper glide__slide\" tabindex=\"0\"><figure><img decoding=\"async\" class=\"wp-block-themeisle-blocks-slider-item\" src=\"http:\/\/esfvqqd.cluster027.hosting.ovh.net\/wp-content\/uploads\/2023\/03\/15550031.webp\" alt=\"\" title=\"\" data-id=\"378\"\/><\/figure><\/div><div class=\"wp-block-themeisle-blocks-slider-item-wrapper glide__slide\" tabindex=\"0\"><figure><img decoding=\"async\" class=\"wp-block-themeisle-blocks-slider-item\" src=\"http:\/\/esfvqqd.cluster027.hosting.ovh.net\/wp-content\/uploads\/2023\/03\/15550004.webp\" alt=\"\" title=\"\" data-id=\"382\"\/><\/figure><\/div><div class=\"wp-block-themeisle-blocks-slider-item-wrapper glide__slide\" tabindex=\"0\"><figure><img decoding=\"async\" class=\"wp-block-themeisle-blocks-slider-item\" src=\"http:\/\/esfvqqd.cluster027.hosting.ovh.net\/wp-content\/uploads\/2023\/03\/15550026-1.webp\" alt=\"\" title=\"\" data-id=\"380\"\/><\/figure><\/div><\/div><div class=\"glide__bullets\" data-glide-el=\"controls[nav]\"><button class=\"glide__bullet\" data-glide-dir=\"=0\"><\/button><button class=\"glide__bullet\" data-glide-dir=\"=1\"><\/button><button class=\"glide__bullet\" data-glide-dir=\"=2\"><\/button><button class=\"glide__bullet\" data-glide-dir=\"=3\"><\/button><button class=\"glide__bullet\" data-glide-dir=\"=4\"><\/button><\/div><\/div><\/div>\n<\/div><\/div>\n\n\n\n<figure class=\"wp-block-pullquote\"><blockquote><p>Vos dons vont nous aider \u00e0 aller plus loin.<br>N&rsquo;attendez pas et soutenez-nous financi\u00e8rement d\u00e8s maintenant.<br>BE14 7360 2991 6783<\/p><\/blockquote><\/figure>\n\n\n<p>C\u2019est dans la commune de la N\u2019sele, agglom\u00e9ration de Kinkole et quartier Lagos, \u00e0 Kinshasa en R\u00e9publique D\u00e9mocratique du Congo, que le centre hospitalier La Mis\u00e9ricorde a vu le jour.<\/p>\n<p>Ce centre a \u00e9t\u00e9 cr\u00e9\u00e9 \u00e0 l\u2019initiative du Bishop Martin Mutyebele Lukanda, Ev\u00eaque des \u00e9glises La Nouvelle J\u00e9rusalem et est enti\u00e8rement financ\u00e9 par l\u2019Eglise de Dieu en Belgique, La Nouvelle J\u00e9rusalem.<\/p>\n<p>Les travaux de construction ont d\u00e9but\u00e9 en 2006. Et en 2017, le centre hospitalier a commenc\u00e9 \u00e0 \u00eatre exploit\u00e9. Des soins en p\u00e9diatrie, gyn\u00e9cologie, chirurgie et m\u00e9decine interne y sont dispens\u00e9s, permettant ainsi \u00e0 la population des alentours de b\u00e9n\u00e9ficier des infrastructures mises en place.<\/p>\n\n\n<div id=\"wp-block-themeisle-blocks-advanced-columns-55b78b58\" class=\"wp-block-themeisle-blocks-advanced-columns alignfull has-3-columns has-desktop-equal-layout has-tablet-equal-layout has-mobile-collapsedRows-layout has-vertical-center ticss-c00aadba\"><div class=\"wp-block-themeisle-blocks-advanced-columns-overlay\"><\/div><div class=\"innerblocks-wrap\">\n<div id=\"wp-block-themeisle-blocks-advanced-column-d16eef57\" class=\"wp-block-themeisle-blocks-advanced-column\">\n<h3 id=\"wp-block-themeisle-blocks-advanced-heading-af4a6933\" class=\"wp-block-themeisle-blocks-advanced-heading wp-block-themeisle-blocks-advanced-heading-af4a6933\">Soins de qualit\u00e9<\/h3>\n\n\n\n<p class=\"has-text-align-center\">Chaque soin prodigu\u00e9 est administr\u00e9 par un personnel de qualit\u00e9, exp\u00e9riment\u00e9.  Une \u00e9quipe de m\u00e9decins d\u00e9vou\u00e9s travaille pour accueillir chaque patient et le traiter avec les soins dont il a besoin.<\/p>\n\n\n\n<div id=\"wp-block-themeisle-blocks-slider-62b1196d\" class=\"wp-block-themeisle-blocks-slider glide\" data-per-view=\"1\" data-gap=\"0\" data-peek=\"0\" data-autoplay=\"true\" data-height=\"275px\" data-hide-arrows=\"false\"><div class=\"glide__track\" data-glide-el=\"track\"><div class=\"glide__slides\"><div class=\"wp-block-themeisle-blocks-slider-item-wrapper glide__slide\" tabindex=\"0\"><figure><img decoding=\"async\" class=\"wp-block-themeisle-blocks-slider-item\" src=\"http:\/\/esfvqqd.cluster027.hosting.ovh.net\/wp-content\/uploads\/2023\/03\/15550016-3.webp\" alt=\"\" title=\"\" data-id=\"511\"\/><\/figure><\/div><div class=\"wp-block-themeisle-blocks-slider-item-wrapper glide__slide\" tabindex=\"0\"><figure><img decoding=\"async\" class=\"wp-block-themeisle-blocks-slider-item\" src=\"http:\/\/esfvqqd.cluster027.hosting.ovh.net\/wp-content\/uploads\/2023\/03\/15550055-2.webp\" alt=\"\" title=\"\" data-id=\"512\"\/><\/figure><\/div><div class=\"wp-block-themeisle-blocks-slider-item-wrapper glide__slide\" tabindex=\"0\"><figure><img decoding=\"async\" class=\"wp-block-themeisle-blocks-slider-item\" src=\"http:\/\/esfvqqd.cluster027.hosting.ovh.net\/wp-content\/uploads\/2023\/03\/15550044-3.webp\" alt=\"\" title=\"\" data-id=\"513\"\/><\/figure><\/div><\/div><div class=\"glide__bullets\" data-glide-el=\"controls[nav]\"><button class=\"glide__bullet\" data-glide-dir=\"=0\"><\/button><button class=\"glide__bullet\" data-glide-dir=\"=1\"><\/button><button class=\"glide__bullet\" data-glide-dir=\"=2\"><\/button><\/div><\/div><\/div>\n\n\n\n<div class=\"wp-block-buttons is-content-justification-center is-layout-flex wp-container-core-buttons-is-layout-16018d1d wp-block-buttons-is-layout-flex\"><\/div>\n<\/div>\n\n\n\n<div id=\"wp-block-themeisle-blocks-advanced-column-bd1b0b6b\" class=\"wp-block-themeisle-blocks-advanced-column\">\n<h3 id=\"wp-block-themeisle-blocks-advanced-heading-112ba0b0\" class=\"wp-block-themeisle-blocks-advanced-heading wp-block-themeisle-blocks-advanced-heading-112ba0b0\">Infrastructure<\/h3>\n\n\n\n<p class=\"has-text-align-center\">Nous travaillons chaque jour pour am\u00e9liorer la qualit\u00e9 du centre hospitalier. Des travaux ont \u00e9t\u00e9 effectu\u00e9s depuis la mise en service pour permettre un accueil, une prise en charge et un suivi adapt\u00e9.<\/p>\n\n\n\n<div id=\"wp-block-themeisle-blocks-slider-b3a2c70e\" class=\"wp-block-themeisle-blocks-slider glide\" data-per-view=\"1\" data-gap=\"0\" data-peek=\"0\" data-autoplay=\"true\" data-height=\"275px\" data-hide-arrows=\"false\"><div class=\"glide__track\" data-glide-el=\"track\"><div class=\"glide__slides\"><div class=\"wp-block-themeisle-blocks-slider-item-wrapper glide__slide\" tabindex=\"0\"><figure><img decoding=\"async\" class=\"wp-block-themeisle-blocks-slider-item\" src=\"http:\/\/esfvqqd.cluster027.hosting.ovh.net\/wp-content\/uploads\/2023\/03\/panneau-misericorde-3.webp\" alt=\"\" title=\"\" data-id=\"515\"\/><\/figure><\/div><div class=\"wp-block-themeisle-blocks-slider-item-wrapper glide__slide\" tabindex=\"0\"><figure><img decoding=\"async\" class=\"wp-block-themeisle-blocks-slider-item\" src=\"http:\/\/esfvqqd.cluster027.hosting.ovh.net\/wp-content\/uploads\/2023\/03\/pavillons-2.webp\" alt=\"\" title=\"\" data-id=\"516\"\/><\/figure><\/div><div class=\"wp-block-themeisle-blocks-slider-item-wrapper glide__slide\" tabindex=\"0\"><figure><img decoding=\"async\" class=\"wp-block-themeisle-blocks-slider-item\" src=\"http:\/\/esfvqqd.cluster027.hosting.ovh.net\/wp-content\/uploads\/2023\/03\/face-avant-misericorde-4-4.webp\" alt=\"\" title=\"\" data-id=\"517\"\/><\/figure><\/div><\/div><div class=\"glide__bullets\" data-glide-el=\"controls[nav]\"><button class=\"glide__bullet\" data-glide-dir=\"=0\"><\/button><button class=\"glide__bullet\" data-glide-dir=\"=1\"><\/button><button class=\"glide__bullet\" data-glide-dir=\"=2\"><\/button><\/div><\/div><\/div>\n\n\n\n<div class=\"wp-block-buttons is-content-justification-center is-layout-flex wp-container-core-buttons-is-layout-16018d1d wp-block-buttons-is-layout-flex\"><\/div>\n<\/div>\n\n\n\n<div id=\"wp-block-themeisle-blocks-advanced-column-07b3d357\" class=\"wp-block-themeisle-blocks-advanced-column\">\n<h3 id=\"wp-block-themeisle-blocks-advanced-heading-c1dd424b\" class=\"wp-block-themeisle-blocks-advanced-heading wp-block-themeisle-blocks-advanced-heading-c1dd424b\">Soutien<\/h3>\n\n\n\n<p class=\"has-text-align-center\">Notre philosophie est simple&nbsp;: l&rsquo;accompagnement avant tout. Et cela passe par un support technique, administratif et \u00e9motionnel. Chaque malade est notre pr\u00e9occupation.<\/p>\n\n\n\n<div id=\"wp-block-themeisle-blocks-slider-f0037859\" class=\"wp-block-themeisle-blocks-slider glide\" data-per-view=\"1\" data-gap=\"0\" data-peek=\"0\" data-autoplay=\"true\" data-height=\"275px\" data-hide-arrows=\"false\"><div class=\"glide__track\" data-glide-el=\"track\"><div class=\"glide__slides\"><div class=\"wp-block-themeisle-blocks-slider-item-wrapper glide__slide\" tabindex=\"0\"><figure><img decoding=\"async\" class=\"wp-block-themeisle-blocks-slider-item\" src=\"http:\/\/esfvqqd.cluster027.hosting.ovh.net\/wp-content\/uploads\/2023\/03\/15550039-2.webp\" alt=\"\" title=\"\" data-id=\"518\"\/><\/figure><\/div><div class=\"wp-block-themeisle-blocks-slider-item-wrapper glide__slide\" tabindex=\"0\"><figure><img decoding=\"async\" class=\"wp-block-themeisle-blocks-slider-item\" src=\"http:\/\/esfvqqd.cluster027.hosting.ovh.net\/wp-content\/uploads\/2023\/03\/15550051-3.webp\" alt=\"\" title=\"\" data-id=\"519\"\/><\/figure><\/div><div class=\"wp-block-themeisle-blocks-slider-item-wrapper glide__slide\" tabindex=\"0\"><figure><img decoding=\"async\" class=\"wp-block-themeisle-blocks-slider-item\" src=\"http:\/\/esfvqqd.cluster027.hosting.ovh.net\/wp-content\/uploads\/2023\/03\/15550046-2.webp\" alt=\"\" title=\"\" data-id=\"520\"\/><\/figure><\/div><\/div><div class=\"glide__bullets\" data-glide-el=\"controls[nav]\"><button class=\"glide__bullet\" data-glide-dir=\"=0\"><\/button><button class=\"glide__bullet\" data-glide-dir=\"=1\"><\/button><button class=\"glide__bullet\" data-glide-dir=\"=2\"><\/button><\/div><\/div><\/div>\n\n\n\n<div class=\"wp-block-buttons is-content-justification-center is-layout-flex wp-container-core-buttons-is-layout-16018d1d wp-block-buttons-is-layout-flex\"><\/div>\n<\/div>\n<\/div><\/div>\n\n\n\n<div class=\"wp-block-cover\" style=\"min-height:571px;aspect-ratio:unset;\"><span aria-hidden=\"true\" class=\"wp-block-cover__background has-background-dim\"><\/span><img loading=\"lazy\" decoding=\"async\" width=\"1920\" height=\"1080\" class=\"wp-block-cover__image-background wp-image-392\" alt=\"\" src=\"http:\/\/esfvqqd.cluster027.hosting.ovh.net\/wp-content\/uploads\/2023\/03\/15550051.webp\" data-object-fit=\"cover\" srcset=\"http:\/\/www.lamisericorde.com\/wp-content\/uploads\/2023\/03\/15550051.webp 1920w, http:\/\/www.lamisericorde.com\/wp-content\/uploads\/2023\/03\/15550051-300x169.webp 300w, http:\/\/www.lamisericorde.com\/wp-content\/uploads\/2023\/03\/15550051-1024x576.webp 1024w, http:\/\/www.lamisericorde.com\/wp-content\/uploads\/2023\/03\/15550051-768x432.webp 768w, http:\/\/www.lamisericorde.com\/wp-content\/uploads\/2023\/03\/15550051-1536x864.webp 1536w\" sizes=\"auto, (max-width: 1920px) 100vw, 1920px\" \/><div class=\"wp-block-cover__inner-container is-layout-flow wp-block-cover-is-layout-flow\">\n<p class=\"has-text-align-center has-large-font-size\">Nous avons besoin de vous pour continuer.<\/p>\n\n\n\n<p class=\"has-text-align-center has-large-font-size\">Vous voulez nous soutenir? <\/p>\n\n\n\n<p class=\"has-text-align-center has-normal-font-size\">Envoyez vos dons au num\u00e9ro de compte:<\/p>\n\n\n\n<p class=\"has-text-align-center has-large-font-size\"> BE 14 7360 2991 6783<\/p>\n<\/div><\/div>\n\n\n\n<div id=\"wp-block-themeisle-blocks-advanced-columns-a2946a77\" class=\"wp-block-themeisle-blocks-advanced-columns alignfull has-2-columns has-desktop-equal-layout has-tablet-equal-layout has-mobile-collapsedRows-layout has-vertical-center ticss-a2946a77 has-dark-bg\"><div class=\"wp-block-themeisle-blocks-advanced-columns-overlay\"><\/div><div class=\"innerblocks-wrap\">\n<div id=\"wp-block-themeisle-blocks-advanced-column-bbddf55b\" class=\"wp-block-themeisle-blocks-advanced-column\"><div class=\"wp-block-image\">\n<figure class=\"aligncenter size-full\"><img loading=\"lazy\" decoding=\"async\" width=\"1024\" height=\"576\" src=\"http:\/\/esfvqqd.cluster027.hosting.ovh.net\/wp-content\/uploads\/2023\/03\/panneau-misericorde.webp\" alt=\"\" class=\"wp-image-394\" srcset=\"http:\/\/www.lamisericorde.com\/wp-content\/uploads\/2023\/03\/panneau-misericorde.webp 1024w, http:\/\/www.lamisericorde.com\/wp-content\/uploads\/2023\/03\/panneau-misericorde-300x169.webp 300w, http:\/\/www.lamisericorde.com\/wp-content\/uploads\/2023\/03\/panneau-misericorde-768x432.webp 768w\" sizes=\"auto, (max-width: 1024px) 100vw, 1024px\" \/><\/figure>\n<\/div><\/div>\n\n\n\n<div id=\"wp-block-themeisle-blocks-advanced-column-92b2db05\" class=\"wp-block-themeisle-blocks-advanced-column\">\n<h3 id=\"wp-block-themeisle-blocks-advanced-heading-8f1f2647\" class=\"wp-block-themeisle-blocks-advanced-heading wp-block-themeisle-blocks-advanced-heading-8f1f2647\">Centre hospitalier \u00ab\u00a0La Mis\u00e9ricorde\u00a0\u00bb<\/h3>\n\n\n\n<div class=\"wp-block-group\"><div class=\"wp-block-group__inner-container is-layout-constrained wp-block-group-is-layout-constrained\">\n<p class=\"has-nv-site-bg-color has-text-color\" style=\"font-size:16px;line-height:1.5\">Avenue Mutyebele n\u00b04,\u00a0 Quartier LAGOS, Commune de la N&rsquo;sele. Kinshasa &#8211; RDC<br>T\u00e9l: 00243 899 620 862<\/p>\n<\/div><\/div>\n\n\n\n<ul class=\"wp-block-list\">\n<li>Administrateur gestionnaire: MWENZE MUKALAY Jethro<\/li>\n\n\n\n<li>M\u00e9decin directeur: VANGU KINKELA Simon<\/li>\n\n\n\n<li>M\u00e9decin Chef de staff: MWEMBO NKOLOMONY Christian<\/li>\n\n\n\n<li>Chef infirmier: BUMWANA NZALBAR Yves<\/li>\n\n\n\n<li>Chef des services g\u00e9n\u00e9raux et du personnel: KASONGO Gr\u00e2ce<\/li>\n<\/ul>\n<\/div>\n<\/div><\/div>\n\n\n\n<p><\/p>\n","protected":false},"excerpt":{"rendered":"<p>Le centre hospitalier \u00ab\u00a0La Mis\u00e9ricorde\u00a0\u00bb Partenaire de proximit\u00e9 de l&rsquo;asbl \u00ab\u00a0La Mis\u00e9ricorde\u00a0\u00bb dans le domaine de la sant\u00e9. Vos dons vont nous aider \u00e0 aller plus loin.N&rsquo;attendez pas et soutenez-nous financi\u00e8rement d\u00e8s maintenant.BE14 7360 2991 6783 C\u2019est dans la commune de la N\u2019sele, agglom\u00e9ration de Kinkole et quartier Lagos, \u00e0 Kinshasa en R\u00e9publique D\u00e9mocratique du&hellip;&nbsp;<a href=\"http:\/\/www.lamisericorde.com\/index.php\/page-d-exemple\/\" class=\"\" rel=\"bookmark\">Lire la suite &raquo;<span class=\"screen-reader-text\">Le centre hospitalier<\/span><\/a><\/p>\n","protected":false},"author":1,"featured_media":0,"parent":0,"menu_order":0,"comment_status":"closed","ping_status":"closed","template":"","meta":{"neve_meta_sidebar":"","neve_meta_container":"","neve_meta_enable_content_width":"","neve_meta_content_width":0,"neve_meta_title_alignment":"","neve_meta_author_avatar":"","neve_post_elements_order":"","neve_meta_disable_header":"","neve_meta_disable_footer":"","neve_meta_disable_title":"","_themeisle_gutenberg_block_has_review":false,"_ti_tpc_template_sync":false,"_ti_tpc_template_id":"","footnotes":""},"class_list":["post-2","page","type-page","status-publish","hentry"],"_links":{"self":[{"href":"http:\/\/www.lamisericorde.com\/index.php\/wp-json\/wp\/v2\/pages\/2","targetHints":{"allow":["GET"]}}],"collection":[{"href":"http:\/\/www.lamisericorde.com\/index.php\/wp-json\/wp\/v2\/pages"}],"about":[{"href":"http:\/\/www.lamisericorde.com\/index.php\/wp-json\/wp\/v2\/types\/page"}],"author":[{"embeddable":true,"href":"http:\/\/www.lamisericorde.com\/index.php\/wp-json\/wp\/v2\/users\/1"}],"replies":[{"embeddable":true,"href":"http:\/\/www.lamisericorde.com\/index.php\/wp-json\/wp\/v2\/comments?post=2"}],"version-history":[{"count":11,"href":"http:\/\/www.lamisericorde.com\/index.php\/wp-json\/wp\/v2\/pages\/2\/revisions"}],"predecessor-version":[{"id":533,"href":"http:\/\/www.lamisericorde.com\/index.php\/wp-json\/wp\/v2\/pages\/2\/revisions\/533"}],"wp:attachment":[{"href":"http:\/\/www.lamisericorde.com\/index.php\/wp-json\/wp\/v2\/media?parent=2"}],"curies":[{"name":"wp","href":"https:\/\/api.w.org\/{rel}","templated":true}]}}